hat is -3 - (-3 + 4 + -9)?
5
What is 8 + (1 + 0 + -2 - 6)?
1
Calculate -2 - (-4 - -7 - 0).
-5
What is the value of -1 + -1 + (-15 - -12) + 4?
-1
What is the value of -1 + -2 + -3 + 3 - 2?
-5
What is the value of -121 + 124 + -1 + -12?
-10
Evaluate (-9 - -9) + (4 - 0).
4
What is the value of (0 - -1 - 3 - -5) + 2?
5
What is the value of 5 + 0 + -8 - (-1 - -2)?
-4
What is the value of -5 + 0 - (-5 + 3 + 1)?
-4
What is the value of 1 + 7 - (-14 + 17)?
5
What is -10 + 2 - (-5 - -1)?
-4
Evaluate -1 - (8 - 14 - 0).
5
Calculate 5 + -1 + -1 - (7 + -4).
0
Calculate (3 + (-6 - -2) - -4) + -1.
2
Evaluate -4 + (3 - ((1 - -4) + -3)).
-3
Calculate 1 + 4 + -2 + 1 + -2.
2
What is the value of 10 + 2 + -5 - 1?
6
0 + -5 + -3 + (5 - 0)
-3
Calculate -7 + (0 - -5 - -3).
1
4 + (0 + 7 - 4)
7
What is the value of -5 + 0 + (-7 - -2 - -10)?
0
What is the value of -2 + 3 + (-4 - (-30 - -23))?
4
Calculate -3 - 1 - (18 + -16).
-6
3 + (-14 - (2 + -8)) + 3
-2
2 - (2 - 5) - 2
3
Calculate 5 + (-2 - 0 - 6).
-3
-5 - 1 - (36 + -36)
-6
Evaluate 2 + (4 - 2) - 4.
0
Calculate (-5 - -9) + -9 - -3.
-2
What is the value of -23 + -2 + 22 + (1 - -2)?
0
Evaluate 14 - 16 - (-2 + 0).
0
What is the value of -4 + 7 - (0 - (3 - 7))?
-1
Calculate 3 + -3 + -3 - -4.
1
Evaluate -1 - (-1 - 2 - (15 + -18)).
-1
Evaluate (94 - 88) + -12 + 0.
-6
Calculate (-1 - (0 - 0)) + 2 + 0.
1
What is the value of 0 + 2 + -8 + (-18 - -19)?
-5
Evaluate -5 - 2 - (-7 + 1 + -1).
0
Evaluate -3 + (-3 - (-2 - -3)) - -4.
-3
6 + (-10 - (-7 + (-4 - -7)))
0
What is 1 + 1 + (-7 - -10)?
5
What is the value of (-2 - 0) + 15 + -9?
4
Evaluate -3 - (-4 + 3) - 1.
-3
Calculate 3 + -3 - (-22 - -7) - 4.
11
(1 + -1 - -2) + (-17 - -11)
-4
3 + -17 + 10 + 8
4
Calculate -5 + 5 + (-1 - -2).
1
What is the value of -2 + (1 - (5 + -10) - 3)?
1
What is -3 - (-3 + 0 + 2 - 2)?
0
Evaluate 8 - (0 + 2 + 10).
-4
What is (6 - (2 - -8)) + 11?
7
Calculate (3 - 2) + (10 + -11 - 5).
-5
Evaluate -3 - (-4 - 4 - -7).
-2
Evaluate -4 + 11 + (-20 - -8).
-5
What is 112 + -109 + 1 + -6?
-2
Evaluate 5 + (-7 - -10) + -9 + -3.
-4
Evaluate -8 + (2 - 3) - -8.
-1
What is the value of 2 + -3 + 1 + -5 + 8?
3
What is 4 + 1 + 2 + -4 + -4?
-1
13 - 1 - (5 + 3)
4
-10 + 16 + (0 - 0)
6
Calculate 4 + (0 - 4) + (5 - 3).
2
What is -5 - ((-7 - -3) + 3) - 0?
-4
Evaluate -75 - -70 - (-2 + -2).
-1
(0 - (-2 + 5)) + 7
4
Calculate (-13 - -7 - -1) + -3.
-8
What is 7 + (1 - (2 - -2 - 0))?
4
Evaluate -5 + (0 - 0) + (57 - 56).
-4
What is -2 + ((1 - 3) + 6 - 4)?
-2
-2 - (1 + -4 - (8 - 9))
0
What is the value of -7 - (-5 - ((1 - 5) + 4))?
-2
-3 + 6 + -2 + -2
-1
Evaluate 10 + 5 - 24 - -6.
-3
What is the value of -10 + (13 + 3 + -9 - 4)?
-7
What is 0 + 0 + (86 - 92)?
-6
Evaluate -75 + 73 + 8 + -1.
5
(-3 + 2 - -1) + (2 - -2)
4
What is the value of -1 + (1 - -6) - 2?
4
What is -9 + (-3 - -12) + (2 - 6)?
-4
-11 - 3 - (-25 + 16)
-5
-1 + (8 - 5) + -3 + 0
-1
Evaluate 0 - (-8 - -7 - -3).
-2
What is the value of 0 - (-1 - -6) - (12 - 13)?
-4
Evaluate (1 - 4) + 6 + (2 - 5).
0
What is the value of -5 - (-4 - (4 - 4))?
-1
Calculate (7 - 12 - -3) + (0 - -5).
3
Calculate 3 - (6 - 2) - (-2 + 5).
-4
What is the value of 2 + -1 + -4 - (-125 + 120)?
2
What is the value of (0 - (2 + -2)) + (-1 - -5)?
4
Calculate (0 - 0) + -4 - (23 - 28).
1
Calculate 3 + -2 - (-7 - -4).
4
Calculate -27 + 21 + -2 + 13 + -3.
2
Calculate -2 + (0 - -2 - (4 - 2)).
-2
Evaluate (19 - 7) + -6 + -4 - 6.
-4
What is the value of -5 - (1 - (15 + -6))?
3
Calculate 1 + (2 - -2) - 6.
-1
What is 9 + -18 + 4 + 5?
0
Calculate (-1 - -5) + 6 + -5.
5
(63 - 70) + 1 + 5
-1
What is 2 + (0 - (4 + (1 - 3)))?
0
(-8 - -8) + (-1 - 0) + 4
3
-5 - (-33 - -40 - (13 - 0))
1
Calculate -1 + (7 - 4) + -2.
0
Calculate -6 + 6 + -1 + (-6 - -4).
-3
Calculate (-4 - -2) + (-2 - -3) + -2.
-3
Calculate 5 - (4 + (4 - 6)).
3
What is 2 + (-4 - (2 + 0))?
-4
Evaluate 0 - (-8 + -6 + 16).
-2
Evaluate (-20 - 2) + 12 - -9.
-1
Evaluate 2 - ((2 - -2) + (5 - 4)).
-3
What is the value of 2 - (-26 - -10) - (0 + 8)?
10
1 - (0 + 2) - 0
-1
What is the value of -6 + 2 - -13 - 5?
4
Calculate 5 + (0 - (-3 - -5)).
3
58 + -67 + (1 - 0 - -1)
-7
Evaluate -5 - (-5 - -3 - 8).
5
Calculate 2 - (-6 - -4) - 0.
4
What is the value of -2 - (-8 - -4) - (2 - -1)?
-1
What is 7 + -11 - -3 - 2?
-3
Calculate 0 + -1 + (3 - 1).
1
What is 3 + 4 + -8 + 6 + -4?
1
Evaluate (-3 - ((5 - 3) + 2)) + -1.
-8
Calculate 2 + -12 + 4 - (10 + -11).
-5
Calculate 2 - (2 + -1 - 2 - 2).
5
Evaluate (-9 - (-1 + -3)) + 4.
-1
Evaluate 21 + -10 - (0 + 1).
10
What is -6 - (-23 + 26 + 1 + -7)?
-3
What is 0 + 0 - (-2 - 1 - -1)?
2
Evaluate 3 - 0 - (1 + 4).
-2
(-1 - 5) + (7 - 10) + 6
-3
What is -1 + 18 + -4 + -5?
8
9 + (13 - 19) + 4
7
Evaluate (-3 - (3 + -1)) + 0.
-5
What is (1 - -4 - 1) + -5 - -6?
5
Evaluate (-1 - 8) + (-7 - -14).
-2
Calculate (6 - (0 + 1 + 1)) + -2.
2
Evaluate 3 - (-1 + 3) - 4.
-3
What is the value of 6 + -1 + -2 + 66 + -62?
7
What is the value of 12 + -6 + -13 + 12?
5
-15 - (4 - 20) - (0 - -6)
-5
What is 9 - (5 + 2 + -3)?
5
What is (-3 - 4) + (-6 - -7)?
-6
9 + 2 - 8 - (2 + -2)
3
What is the value of (6 - 12) + -6 + 9?
-3
Evaluate -12 + 6 + -2 - -3.
-5
Calculate 4 + -1 + (9 - 11).
1
What is the value of (0 - -11) + (-175 - -170)?
6
Calculate -9 + (13 + -6 - (0 + 2)).
-4
What is (4 - (3 + -3) - 3) + -4?
-3
What is 9 - (11 + (5 - 7))?
0
Calculate -5 + 3 + -3 - 0.
-5
Calculate 0 - (7 + -4) - -10.
7
Calculate 9 - (-3 - -13) - (-2 - -2).
-1
Evaluate -7 - (-11 + -8 + 12).
0
Evaluate 10 - (5 - 10 - -12).
3
Evaluate (1 + -1 - 2) + (-18 - -21).
1
What is the value of -8 + (6 - 0) + -3?
-5
(4 - 7) + 4 + 1 - 5
-3
Evaluate 0 + -3 - (-18 + 6).
9
What is the value of (-13 - 1) + -223 + 231?
-6
-3 + (-4 - 1) + 3
-5
What is -1 + -2 + (2 - (-13 + 15))?
-3
What is the value of 2 - -2 - (0 + 3)?
1
Calculate -1 + 0 - (1 + -7 - 0).
5
What is -2 - (3 - (4 + -4))?
-5
Calculate 9 - 4 - (17 + -14).
2
Calculate (-2 - ((5 - -4) + -8)) + 6.
3
Evaluate 34 + -43 - (-5 - 1).
-3
What is the value of -3 - (1 - 1) - (-5 + 3)?
-1
-2 + (-1 - -2) + (10 - 14)
-5
0 - 7 - (14 + 1 + -15)
-7
-2 - (1 - (1 + 6))
4
Evaluate -2 - 4 - (8 - 13) - -9.
8
What is (-25 - -25) + (5 - -1)?
6
What is the value of -7 - (-7 + -2 - -8)?
-6
What is -12 + (-1 - -4) + 3?
-6
What is 3 + 3 - (-4 - -11)?
-1
Evaluate -5 + 0 - (-6 - -3).
-2
Evaluate 1 + -2 - (10 + -8).
-3
Evaluate -2 - -1 - (-11 + 1 + 9).
0
What is 3 + -3 - 3 - (-6 + 2)?
1
0 + (1 + 3 - (5 - 2))
1
1 - (-3 - (2 - 8))
-2
What is the value of 2 + (-7 - (1 - 6))?
0
What is -21 + 35 - (11 - 0)?
3
Evaluate 13 + 7 + -13 - 7.
0
What is the value of -2 - (-7 - (-6 + 2))?
1
What is the value of 10 - (1 + 0 + 0 + 4)?
5
Evaluate 0 + -8 + (-6 - -11) - -3.
0
Calculate -2 + 5 + -5 + 6 + -2.
2
What is the value of 3 + 1 + -5 + 3?
2
Calculate -8 + -6 + 13 + -6.
-7
Evaluate 3 + (-5 - -2) - 3.
-3
What is the value of 4 - (-2 + 3 + 1 + -3)?
5
What is the value of -1 + 1 + (10 - 14)?
-4
Calculate 8 + 1 + -7 + 3.
5
Evaluate -6 - (2 + (-7 - -1 - -4)).
-6
Calculate -4 + 6 + -11 + 1 + 7.
-1
What is -3 + (5 - (4 - -4 - 5))?
-1
Evaluate 2 + (1 - 2) + 1 + 0.
2
What is the value of 3 - (4 + 2 + (3 - 3))?
-3
Calculate 1 + -13 + 7 + -3 - -5.
-3
(7 - 0) + -3 + -6
-2
Calculate 13 + -15 - 10 - -6.
-6
Calculate (3 - 2) + -9 - -4.
-4
What is 0 + 5 + 10 + -10?
5
0 - (5 + (3 - 4))
-4
Evaluate 9 - -2 - (1 + 2) - 3.
5
-12 - (-12 + 7) - -4
-3
Calculate (3 - (1 + (-1 - -2))) + 1.
2
Evaluate (-2 - -3) + 3 - 4.
0
(3 - (-3 - -3)) + 2 + -3
2
-4 + 5 - 0 - -3
4
What is the value of 6 - 2 - (16 + -13)?
1
Evaluate 1 + 0 + -3 + (-1 - 1).
-4
Evaluate 3 + -4 + 7 + -18 + 4.
-8
-4 + (8 - (7 - (3 + 0)))
0
Calculate (1 - 6) + (4 - (-1 - -1)).
-1
2 - (-1 + (4 - 0))
-1
Evaluate -4 + (2 + -4 + -1 - -2).
-5
What is 2 + -1 + 0 - (-6 - -1)?
6
Evaluate 22 - 15 - (2 + -1).
6
Calculate 6 + 3 + -2 + -3.
4
9 - 1 - (5 + 2 + -3)
4
What is -6 + 1 + 1 + 11?
7
-3 + 6 + (0 - 1)
2
1 + -11 - (-10 + 1)
-1
Calculate -8 - (3 - (-4 - -8)).
-7
Evaluate (-5 + 3 - -2) + 5.
5
What is the value of -4 - (3 - (7 + -1))?
-1
What is the value of (2 - 6 - -3 - -5) + -13?
-9
Evaluate 6 + -3 + -5 + 5 - 0.
3
Evaluate 2 - -2 - 8 - -2.
-2
Calculate 0 - (-5 - (6 + -2) - -5).
4
Evaluate 1 + -3 - (46 - 48).
0
What is -10 + (5 - (-1 - 4))?
0
Calculate -41 + 42 + (1 - 0 - -2).
4
What is -3 - -2 - -7 - (2 - -1)?
3
Eva